 5*d. Let m be 1/1 - (3 + -6). Let t = 22 - m. What is the highest common factor of t and v?
9
Let n(z) = -z**3 - 15*z**2 + 12*z. Let o be n(-16). What is the greatest common factor of o and 128?
64
Let b(t) = -3*t**2 - 2*t + 3. Let l be b(-6). Let m be (-12)/(-3) + -2 - l. Let j be -4 + (m - -1) + 0. What is the highest common divisor of 23 and j?
23
Let q = -48 - -87. Let i = 143 - 117. Calculate the greatest common factor of i and q.
13
Suppose -6 = -3*w + 21. Let m be 3 + 1839/w - 2/(-3). What is the highest common factor of 26 and m?
26
Let g = 71 + 195. Let f = g + -162. Calculate the highest common divisor of f and 8.
8
Let d = 338 + -50. What is the greatest common divisor of d and 108?
36
Suppose 2*h = -5*o + 11, h + 2*o = 2 + 2. Let m be (2/(-3))/(h/(-3)). Let x be m/(3 - 55/18). What is the highest common factor of x and 18?
18
Suppose 8*k = 12 + 36. Suppose -385 = -k*r + 5*r. Calculate the highest common divisor of 35 and r.
35
Let a = 25 + 67. What is the highest common factor of a and 12?
4
Let a be 6/(-27)*-3*-6. Let s = 5 + a. Suppose -7 = -2*q + f, 4*q - 4*f = 8*q + 4. Calculate the highest common factor of q and s.
1
Suppose 0 = 5*i - q - 74 - 75, -5*i + 2*q + 153 = 0. Let h = -16 + i. Let m be 2/(-7) + 730/7. What is the highest common factor of m and h?
13
Let v(k) = 3*k + 151. Let s be v(-22). What is the greatest common factor of 34 and s?
17
Suppose -4*k = -3 - 5. Suppose -3*v = k*v - 160. Calculate the highest common divisor of v and 8.
8
Suppose -12611 = -59*j + 113649. Calculate the greatest common factor of 107 and j.
107
Let g = 36 - 22. Let o(k) = 13*k**2 - 15*k - 86. Let l be o(-4). Calculate the highest common divisor of l and g.
14
Let o = 18 - -5. Let h(x) = 94*x**2 - x + 2. Let w(t) = 47*t**2 + 1. Let i(k) = -2*h(k) + 5*w(k). Let p be i(-1). What is the highest common factor of p and o?
23
Let i = 54 + -42. Let o be 8*3*(-35)/(-14). What is the highest common factor of o and i?
12
Let l be (-1359)/(-45) + 1/(-5). Let z(b) = -19 + 6*b - 6*b + 4*b. Let t be z(16). What is the highest common factor of t and l?
15
Let j = -1 + -2. Let p = 3 - j. Let r be -8 + 18 + -5 - -1. What is the greatest common divisor of r and p?
6
Let r(m) = 5*m**2 + 2*m - 6. Let w be 2 - (20/(-5) - 1*-3). Let y be r(w). Calculate the greatest common factor of 315 and y.
45
Suppose 4*h = 2*v - 290, 4*v = h - 4*h - 245. Let j = h - -132. What is the highest common divisor of 19 and j?
19
Let u be (-3*2)/(6/(-176)). What is the highest common divisor of 32 and u?
16
Let n be (-387)/(-6) + 2/(-4). Let o = 100 + -84. Calculate the highest common divisor of o and n.
16
Let r = -1358 + 1506. Calculate the highest common divisor of r and 37.
37
Let u(q) = q**2 - 3*q - 4. Let c be u(5). Let o be -3 + 5/(20/12). Suppose -g = -3*w + 2*w - 56, -4*w - 8 = o. What is the greatest common factor of g and c?
6
Let r = 6 + -6. Let v(m) = m**2 - 4*m + 4. Let b be v(7). Suppose b = 5*h + 4*q, h - 5*h - 3*q + 20 = r. Calculate the highest common factor of h and 5.
5
Suppose 0 = -4*f + 25 - 21. Let n(r) = -r**2 - 5*r + 7. Let h be n(-6). Calculate the greatest common divisor of h and f.
1
Let t = 1905 + -1646. Calculate the greatest common divisor of t and 21.
7
Let q = 3 - 1. Suppose 5*k + q*u = 18, -5*k + 3*k + 2*u = 4. Suppose 0 = k*m - 1 - 25. Calculate the greatest common divisor of 13 and m.
13
Let o(t) = -3*t - 3. Let w be o(2). Let i = w + 12. Suppose 5*y - l = 3*l + 262, -3*y - i*l + 168 = 0. Calculate the highest common factor of 6 and y.
6
Let k = 57 - 36. Let o = 55 + -80. Let p be (210/o)/(4/(-70)). What is the highest common factor of p and k?
21
Suppose -12513*r = -12509*r - 288. Calculate the highest common factor of 126 and r.
18
Let m(q) = 5*q + 239. Let v be m(23). Calculate the greatest common divisor of v and 236.
118
Suppose -5*k - 18 - 7 = 0, 0 = -2*n + 2*k + 884. What is the highest common divisor of 23 and n?
23
Let i = -92 - -97. Let y(s) = s + 11. Let u be y(-8). Suppose u*o = 5*g - 260, 3*g - 70 = 2*g - 3*o. Calculate the greatest common factor of i and g.
5
Suppose -2 = -2*m - 28. Let n(g) = -g + 27. Let z be n(m). Calculate the highest common factor of z and 360.
40
Let b be 286/110 + (-2)/(-5). Suppose 2*u - 5*c = 18, -3*c + 0*c = 3*u - 27. Calculate the greatest common divisor of b and u.
3
Let g(x) = -2*x**2 + 2*x - 1. Let c be g(0). Suppose 0 = 4*m + 2*l - 16, 0*l + 2*l + 4 = m. Let n = m + c. Calculate the greatest common divisor of 24 and n.
3
Let y be (-165)/(-21) - 2/(-14). Let h be 3 + (2 + y)/5. Calculate the highest common factor of 55 and h.
5
Let h(g) = -g**3 - 6*g**2 - 3*g - 10. Let f be h(-9). What is the greatest common factor of 30 and f?
10
Let p be 12250/20 + (-1)/2. Calculate the highest common factor of 12 and p.
12
Let n be ((-6)/(-12))/((-1)/24)*-1. Let k be -14*(n/(-3))/8. What is the highest common factor of 77 and k?
7
Let l be 56/(-252) - 1300/(-18). Calculate the greatest common divisor of l and 45.
9
Let b = 1 + 3. Suppose -3*j - 4 = -b*n, j - 16 = -2*n - j. Suppose k - n = -k. Calculate the highest common factor of k and 22.
2
Let v be (-1)/4 - (-7)/28. Suppose 4 = -v*u + u. Suppose -180 = -3*o + 4*z, -5*o = -u*o - 3*z - 60. Calculate the greatest common divisor of o and 12.
12
Let j(h) = -h**2 + 12*h - 6. Let l be j(11). Let p be 121/l - (-2)/(-10). Suppose -p = -u - 2*u. Calculate the highest common factor of u and 24.
8
Suppose -44*l + 220224 = 52*l. What is the greatest common factor of 124 and l?
62
Suppose -y + 7*y - 4*y = 0. Let b be y + 36/4 + -1. Let z = -109 + 189. What is the highest common factor of z and b?
8
Suppose s = 3*s, z = 4*s - 9. Let g = 13 + z. What is the highest common factor of 28 and g?
4
Suppose 4*b + 90 = 3*o - 297, -o - 3*b = -142. Calculate the greatest common factor of 7 and o.
7
Suppose -5*s + 5*i = -130, 0 = -0*s - 3*s + 5*i + 82. Calculate the highest common divisor of 72 and s.
24
Let h = 2 + 1. Suppose 0 = n - 15 + h. Let m be 21*-1*(-88)/n. What is the greatest common divisor of 14 and m?
14
Let s(p) = -4*p**2 + 11*p - 16. Let l(f) = f**2 + f + 1. Let b(k) = -5*l(k) - s(k). Let r be b(-16). Calculate the greatest common divisor of r and 22.
11
Let c = 1926 - 1923. Let z be (-272)/(-72) - (-4)/18. What is the greatest common divisor of z and c?
1
Let l(w) = -w**3 + 8*w**2 - 10*w + 15. Let s = 48 - 42. Let n be l(s). Calculate the greatest common divisor of n and 18.
9
Let t be (-90)/(-25)*80/12. Calculate the highest common divisor of 40 and t.
8
Let f be 89 - (-6)/(-1 - 1). Suppose -5*w + f = -h, -h - 14 - 38 = -3*w. Let u(t) = -19*t + 5. Let m be u(-6). Calculate the highest common divisor of w and m.
17
Let a(r) = 10*r - 68. Let m be a(7). Calculate the highest common divisor of m and 82.
2
Let x(h) = -3*h**3 - 8*h**2 + 5*h - 1. Let y be x(-8). Suppose 0 = -4*i - 199 + y. Let z be 36/45 + (-136)/(-5). What is the greatest common divisor of z and i?
28
Let x be (-3)/3*(-1 + -18). Let s = 1316 + -1164. Calculate the greatest common factor of x and s.
19
Let n(y) = -4*y - 28. Let d be n(-8). Suppose 16 = d*b - 32. Calculate the greatest common factor of b and 36.
12
Let x(a) = -45*a + 22. Let f be x(0). What is the highest common divisor of 682 and f?
22
Let o be (-102)/(-24)*(10 + -2). Suppose 3*d = 4*n + 161, 166 = 3*d + 3*n - 2*n. Suppose d = 4*s - 13. What is the greatest common divisor of o and s?
17
Let r = 11 + -11. Suppose 0*q - q - 5 = r. Let k be (-380)/q - -2*2. What is the highest common divisor of k and 16?
16
Suppose -214 = -0*m - m. Let j be (6 - 990/(-5))*(-1)/(-2). Let w = m - j. Calculate the greatest common factor of 14 and w.
14
Suppose 3*j = 4*j. Suppose -4*r - 4*n + 116 = 0, j = -2*r - 3*r + n + 121. Calculate the highest common factor of 200 and r.
25
Suppose 0 = -3*g - 38*g + 615. What is the highest common factor of g and 10?
5
Let b be 2 - (12/84 + 2/(-14)). What is the greatest common divisor of b and 2?
2
Suppose -5180 - 2436 = -32*n. Calculate the highest common factor of n and 56.
14
Let c(n) = 14 + n - 2*n + 38 + 14. Let f be c(9). Calculate the greatest common factor of 3 and f.
3
Suppose -3*n - 118 = -4*n. Suppose z + 578 = 5*x - 3*z, -2*z = -x + n. Let m = x + -79. Calculate the highest common factor of m and 315.
35
Suppose -